t i(k) = -f(k) - 3*x(k). Let t be ((-70)/(-15))/(4/6). Calculate i(t).
2
Let i(z) be the third derivative of z**4/24 - z**3/6 - 57*z**2. Let g = 1 - 2. Give i(g).
-2
Suppose -13 + 25 = -12*j. Let g(d) = 24*d. What is g(j)?
-24
Suppose 6*f - 14*f + 32 = 0. Suppose 4*u - 16 = -f. Let z(q) = -q**2 + 2*q + 1. Calculate z(u).
-2
Let m(j) = j - 17. Let v be m(20). Let g(l) = -2 + v + 3*l - 3 - 2*l. Determine g(8).
6
Suppose -5 = -t - q, q - 4 = -2*t + 5. Let c(o) = o**3 - 4*o**2 + 2. Calculate c(t).
2
Suppose 3 + 1 = -d - 2*v, 0 = -2*d + 4*v - 8. Let j(f) = 1 - f**2 - 2*f + 3 - 5. What is j(d)?
-9
Let o(d) be the first derivative of -d**4/4 - 2*d**3 - d**2 + 4*d + 50. Determine o(-5).
-11
Let v(l) = l**2 + 8*l - 16. Suppose 5*s - 31*s = 208. Calculate v(s).
-16
Let q(z) = -z**2 + 13. Let p = -35 - -35. Determine q(p).
13
Let q be (-30)/(-21) + 6/(-14). Let y(i) = 2 - 2 - q + 8*i + 0. Let o = 1 - 0. Calculate y(o).
7
Let z(p) be the first derivative of -p**5/120 + 9*p**3 - 10. Let v(u) be the third derivative of z(u). Give v(9).
-9
Let g(t) = -25*t**2 + 31*t + 17. Let c(x) = 7*x**2 - 10*x - 5. Let q(i) = 7*c(i) + 2*g(i). Calculate q(-10).
-21
Let h(x) = 6*x**3 - 6*x**2 + 4*x + 5. Let w(z) = 18*z**3 - 17*z**2 + 11*z + 14. Let p(i) = -11*h(i) + 4*w(i). Give p(-1).
-7
Let w(g) = -3*g**2 - g - 1. Suppose -11 = -4*q + 1. Suppose -k + 1 = q. Calculate w(k).
-11
Let z(v) = 73*v**2 + 12 - 92*v - 72*v**2 + 81*v. Calculate z(11).
12
Let y be (-29)/203 - (-1)/7. Let a(f) be the second derivative of f + 0 + 0*f**2 + 1/6*f**3. Calculate a(y).
0
Let v(l) = 5*l - 6. Suppose -5*q = 10, -3*q = 4*p + 2 - 16. Calculate v(p).
19
Let m(x) = -5*x - 1. Let d(h) = -h. Let l(f) = -11*d(f) + 2*m(f). Suppose 0 = 16*o - 5*p + 36 + 35, -4*p = 20. Calculate l(o).
-8
Let r(j) = -j**2 + 4*j - 1. Let n be r(3). Let s(c) = -c**2 + 5*c**2 - 4 + 0*c**n - c**3 - c. Suppose -6*z - 72 = -90. What is s(z)?
2
Let x(b) = 1 - 2*b - 1 - 7. Suppose 8*n - 175 = -111. Give x(n).
-23
Suppose 0*w = -2*s - 4*w + 4, -w = 4*s - 1. Let p(g) be the third derivative of -g**6/120 - g**5/60 - g**4/24 + g**3/2 + 9*g**2. Calculate p(s).
3
Let o(d) be the first derivative of -d**4/2 - 2*d**3/3 + 3*d**2/2 + 2*d - 111. Suppose 3*p - 2 = 4*p. Determine o(p).
4
Let p(o) = -o**3 - 14*o**2 + 33*o + 18. Let d be (1 - (-69)/3)/((-30)/20). Give p(d).
2
Let d(m) = m - 1. Suppose 12 = 4*o + 4*q, q + 32 = o + 3*o. Let s(p) = 2*p - 17. Let f be s(o). Determine d(f).
-4
Let u = 78 + -74. Let o(f) = -8 + u*f + f - 4*f. Give o(6).
-2
Let k(d) = 9*d**2 + d - 1. Let g(f) = f**2 - 40*f + 280. Let x be g(31). Calculate k(x).
9
Let n(z) = -z**2 - 6*z + 1. Let r = 18 + -8. Suppose -2*o = -5*o - 186. Let d be o/r + 1/5. Calculate n(d).
1
Let r(c) = -9*c**2 + 12*c + 5. Let v(s) = -8*s**2 + 10*s + 4. Let o(n) = -5*r(n) + 6*v(n). Let j(w) = -w - 3. Let t be j(-4). What is o(t)?
-4
Let a be ((-24)/3)/((-6)/(-9)). Let m(u) = 5*u**2 + 1. Let f be m(1). Let k = f + a. Let n(z) = z + 11. Calculate n(k).
5
Let q(c) = -5 - 3*c - 3*c + c**2 - 3*c**2. Let x = 73 - 95. Let s = -26 - x. Give q(s).
-13
Let i(m) = 2*m - 18. Let c(z) = 1. Let o(s) = -48*c(s) - 3*i(s). Let w be o(2). Let h(r) = r**3 + 6*r**2 - r - 5. Give h(w).
1
Let y(q) be the second derivative of -q**5/60 - q**4/8 + 10*q**3/3 - 16*q. Let b(n) be the second derivative of y(n). Determine b(6).
-15
Let y(m) = -2*m + 30. Suppose 0 = -3*f + 3*a + a + 25, -4*f - 4*a + 52 = 0. Let o be y(f). Let q(g) = -g**2 + 7*g + 7. Give q(o).
-1
Suppose 2*q + 36 = 5*q. Let z = q + -14. Let d(j) = j**3 + 2*j**2 - j + 1. Give d(z).
3
Let c(o) be the third derivative of -o**5/60 - o**4/24 + o**3/2 - 419*o**2. Suppose 0 = -5*x + x + 24. Suppose k + k = -x. Determine c(k).
-3
Suppose d - v - 3*v = 9, 0 = 4*v + 4. Let i(n) = n**3 - 6*n**2 + 2*n + 17. Determine i(d).
2
Let i(f) = f**3 - 23*f**2 - 50*f + 5. Let m be i(25). Let n(x) = x**3 - 6*x**2 + 4*x - 4. Determine n(m).
-9
Let v = 16 + -14. Let t be (-3 - -1)/(v - 0). Let a be (-48)/12 + (1 - t). Let q(y) = -4*y - 2. What is q(a)?
6
Let r(s) = -7*s - 19. Let f(g) = 2*g + 6. Let o(c) = -11*f(c) - 4*r(c). Let n(w) = -11*w - 19. Let p(q) = -4*n(q) - 7*o(q). Give p(5).
16
Let m(z) = z**3 + 5*z**2 - 3*z - 5. Let k(g) = 2*g - 12. Let f be k(6). Suppose f*q - 25 = -q. Suppose 0 = 3*t - 4*t + 2*l + 5, -q = 5*l. Determine m(t).
10
Let s(h) be the third derivative of h**4/24 + 19*h**3/6 - 11*h**2. Let d be s(-8). Suppose 8*k - 6 = d*k. Let v(y) = -y**3 - 3*y**2 - 4*y - 2. Give v(k).
2
Let o(l) = l**3 - 11*l**2 + 7*l + 23. Let u be o(10). Let z(t) = -12*t - t**2 + 0*t + 6*t. Calculate z(u).
-7
Let j(d) = -d - 1. Let z(w) = -9*w - 1. Let h(c) = -6*j(c) + z(c). Let b be h(8). Let f = -21 - b. Let q(x) = x**2 - x - 2. What is q(f)?
4
Let j(u) = 22*u - 439. Let r be j(20). Let k(y) be the first derivative of 3*y**2 - y + 1. What is k(r)?
5
Let c = 10 - 5. Suppose 2*w + 0*w - 4 = 0. Let o(a) = 0 - 2*a**2 + 4*a + a**2 + w. Calculate o(c).
-3
Let a(d) = -d**3 + 5*d**2 - 4*d - 4. Let i(l) = l**3 - l**2 + 1. Let k = 61 - 60. Let h(c) = k*a(c) + 2*i(c). Calculate h(-4).
-2
Let k(s) be the second derivative of s**3/6 - 13*s**2/2 + 6*s - 14. Calculate k(9).
-4
Suppose -z + 2 = -0. Let p(v) = 8*v**z + 6 - 5 + 7*v - 2*v**2 + 3 - v**3. Let f(d) = 3*d**3 - 12*d**2 - 14*d - 8. Let l(g) = 2*f(g) + 5*p(g). What is l(-5)?
-6
Let r(m) = 0*m - 6*m + 4*m + 4 + 4*m. Suppose -5*w - 13 = 2*t + 8, -w = -t. What is r(t)?
-2
Let t(u) = u**2 + 16*u. Let v(r) = r**2 + 33*r - 1. Let d(i) = -2*t(i) + v(i). Let b(x) = -x**2 + 5*x + 4. Let c = 12 + -6. Let s be b(c). Give d(s).
-7
Suppose -o - 4*v + 38 = 2*o, -5*o + 50 = 4*v. Let n = o + -4. Let c(f) = -7*f + 3*f + n + f. What is c(5)?
-13
Suppose 4*a + 7 = 3*a. Let p = -248 + 255. Let h(d) = p*d + d**2 + 1 + 11*d**2 - 11*d**2. Calculate h(a).
1
Let m(b) = -b + 304 - 150 - 145. What is m(9)?
0
Let b(o) be the first derivative of o**4/8 - 2*o**3/3 + 11*o**2/2 + 5. Let l(k) be the second derivative of b(k). Calculate l(-3).
-13
Let c(r) be the second derivative of 0 - 1/2*r**2 - 1/3*r**3 - 46*r. What is c(-4)?
7
Let b(l) be the first derivative of l**4/4 + 4*l**3/3 - 3*l**2/2 + 7*l + 503. Let p = 0 - 5. Give b(p).
-3
Let b(g) be the first derivative of -g**3/3 - 3*g**2/2 + g - 10184. Let w = 0 - 3. Calculate b(w).
1
Suppose 3*c = 4*i + 6, c = -7*i + 9*i + 4. Let x(o) = o**2 - 7. What is x(i)?
2
Let g(c) = c**3 - 5*c**2 - 9*c + 23. Suppose -20*t + 60 = -10*t. Calculate g(t).
5
Let q = -10 - -10. Suppose -5*t + 4*t = q. Let n(c) be the third derivative of c**4/24 + c**3/2 - c**2. What is n(t)?
3
Suppose 0*y = y + 38. Let u be y/(-14) + 4/14. Let r(m) = -4 - m**3 + 2*m + 3 + 0*m**u - 2*m**2. Calculate r(-2).
-5
Let n(z) = -14 + 1 - 2*z - 17 + 23. Let r be (-3 - -1)*(-14)/(-4). Give n(r).
7
Let s(r) = -r**2 - 14*r + 3. Let m be (2 - 1)*(15 + -28). What is s(m)?
16
Let h(n) = -34 - 32 - n**2 - 7*n + 91 - 27. Suppose 0*s + 14 = -2*s. Determine h(s).
-2
Let f be ((-16)/(-10))/(4/30). Let b = f - 7. Let t(w) = b*w**2 - 3*w + 2*w**2 - 4*w**2 - w**3. What is t(3)?
-9
Let t(h) = -132*h**2 + 9 + 129*h**2 - 9 - h + 1. Determine t(-3).
-23
Suppose 5*z - 4*o - 14 = 0, z - 2*o = -3*o + 10. Let m(c) = 11*c**2 + 7*c - 4*c**2 + 2 - z*c**2. Calculate m(-4).
-10
Suppose 18 = 138*p - 120*p. Let k(q) = 29*q**2 + q - 1. Calculate k(p).
29
Let z(w) = -19 - 15 + 35 + 2*w. Give z(-1).
-1
Let i(w) be the third derivative of -w**5/30 - w**4/24 + w**3/3 - 10*w**2 - 1. What is i(-3)?
-13
Let p(y) be the third derivative of -y**6/120 - 2*y**5/15 - y**4/8 - 11*y**3/6 - y**2 - 5. Give p(-8).
13
Let k(w) = w**2 - 4*w + 3. Suppose 0 = -5*b - 3*j + 59, 28 = 4*b - j - 9. Suppose -5*l = 10*g - 6*g - b, 0 = 5*g + 3*l - 19. Calculate k(g).
8
Let x = -11/9 - -14/9. Let u(f) be the first derivative of -5 - f**2 - f + x*f**3. Calculate u(3).
2
Let a(p) = 6*p**2 + p - 5. Let n(s) = 5*s**2 + 2*s - 5. Let r(d) = -3*a(d) + 4*n(d). Determine r(-6).
37
Let i(h) = -h + 13. Let z be i(13). Suppose -l - 19 + 16 = z. Let n(k) be the first derivative of -k**3/3 - 3*k**2/2 + 2*k - 3. Give n(l).
2
Let t(a) = a**2 - 7*a + 7. Suppose -5*s - 4*w = 60, -s + 1 - 13 = 2*w. Let f = s + 18. Calculate t(f).
1
Let x(w) = -w**2 + w - 3. Let p(f) = f**3 + 8*f**2 + 13*f - 6. Let i be p(-5). Determine x(i).
-15
Let